(base 4) to base 8
6
What is 2123 (base 4) in base 7?
311
Convert 251 (base 6) to base 3.
10211
What is 1003 (base 7) in base 12?
24a
Convert -11 (base 6) to base 3.
-21
Convert 53 (base 12) to base 14.
47
Convert 3 (base 12) to base 2.
11
What is 2 (base 8) in base 11?
2
What is 42 (base 6) in base 8?
32
What is 4 (base 6) in base 4?
10
Convert 7 (base 12) to base 7.
10
What is -5 (base 10) in base 5?
-10
-95 (base 11) to base 5
-404
Convert 4 (base 9) to base 5.
4
-2 (base 14) to base 2
-10
What is -5 (base 13) in base 11?
-5
What is 7 (base 12) in base 9?
7
Convert -3 (base 7) to base 5.
-3
Convert 11 (base 4) to base 15.
5
What is 33 (base 9) in base 6?
50
What is -10 (base 3) in base 4?
-3
-121 (base 5) to base 16
-24
1020 (base 7) to base 2
101100101
What is -88 (base 9) in base 13?
-62
Convert 4 (base 16) to base 14.
4
2011 (base 3) to base 14
42
Convert 3 (base 16) to base 6.
3
Convert -31 (base 5) to base 11.
-15
Convert -20 (base 4) to base 14.
-8
20 (base 7) to base 2
1110
b (base 13) to base 7
14
Convert -33 (base 11) to base 3.
-1100
-100 (base 5) to base 11
-23
What is 7 (base 10) in base 5?
12
What is -262 (base 7) in base 6?
-354
8 (base 16) to base 3
22
7 (base 11) to base 6
11
What is 3 (base 15) in base 11?
3
-10 (base 10) to base 7
-13
Convert 3 (base 12) to base 5.
3
Convert -111 (base 5) to base 14.
-23
What is -10 (base 4) in base 3?
-11
Convert 1 (base 2) to base 13.
1
What is -32 (base 6) in base 8?
-24
Convert 12 (base 13) to base 12.
13
0 (base 10) to base 14
0
What is -42 (base 8) in base 6?
-54
Convert -31 (base 10) to base 12.
-27
Convert 41 (base 6) to base 2.
11001
Convert -5 (base 16) to base 13.
-5
Convert -420 (base 5) to base 8.
-156
Convert -1 (base 14) to base 3.
-1
What is 102 (base 4) in base 5?
33
What is -1b (base 12) in base 9?
-25
Convert -4 (base 7) to base 16.
-4
What is -3 (base 10) in base 16?
-3
What is 24 (base 13) in base 10?
30
-4 (base 16) to base 6
-4
Convert -10 (base 4) to base 3.
-11
Convert 4 (base 15) to base 8.
4
Convert 31 (base 7) to base 6.
34
Convert 1 (base 16) to base 3.
1
Convert 232 (base 9) to base 8.
277
0 (base 8) to base 13
0
What is -9 (base 15) in base 14?
-9
21111 (base 3) to base 16
ca
-104 (base 13) to base 6
-445
Convert 28 (base 9) to base 16.
1a
What is 91 (base 11) in base 8?
144
What is 1000001 (base 2) in base 7?
122
What is 10001110 (base 2) in base 8?
216
Convert a1 (base 15) to base 13.
b8
What is 6b (base 13) in base 14?
65
250 (base 7) to base 3
11221
Convert -32 (base 10) to base 7.
-44
11 (base 14) to base 4
33
Convert 231 (base 5) to base 13.
51
What is -193 (base 14) in base 15?
-16a
Convert -6 (base 15) to base 10.
-6
13 (base 6) to base 2
1001
Convert -21 (base 12) to base 15.
-1a
Convert 0 (base 14) to base 3.
0
-14 (base 6) to base 4
-22
21 (base 4) to base 15
9
2 (base 6) to base 9
2
Convert 84 (base 15) to base 14.
8c
Convert 116 (base 9) to base 8.
140
What is -6 (base 15) in base 10?
-6
What is -69 (base 11) in base 5?
-300
Convert -1 (base 6) to base 10.
-1
1 (base 12) to base 16
1
What is -11 (base 4) in base 7?
-5
12012 (base 3) to base 5
1030
Convert -542 (base 6) to base 2.
-11001110
172 (base 12) to base 9
275
What is -13 (base 11) in base 13?
-11
What is -3 (base 13) in base 2?
-11
What is -19 (base 13) in base 9?
-24
What is -4 (base 16) in base 6?
-4
What is 30 (base 8) in base 4?
120
-1040 (base 6) to base 12
-180
a9 (base 11) to base 12
9b
What is 35 (base 9) in base 2?
100000
What is -252 (base 9) in base 2?
-11010001
26 (base 15) to base 13
2a
Convert 324 (base 7) to base 16.
a5
Convert 3 (base 12) to base 14.
3
Convert 224 (base 7) to base 2.
1110100
Convert 82 (base 14) to base 2.
1110010
What is -18 (base 12) in base 15?
-15
What is 20 (base 16) in base 15?
22
What is 3a (base 15) in base 5?
210
1050 (base 6) to base 7
501
-132 (base 4) to base 13
-24
What is 21 (base 13) in base 12?
23
13 (base 4) to base 7
10
-21 (base 4) to base 12
-9
1 (base 4) to base 15
1
Convert 101 (base 3) to base 6.
14
0 (base 2) to base 15
0
What is 0 (base 7) in base 9?
0
21011 (base 3) to base 11
166
Convert -7 (base 10) to base 5.
-12
-31 (base 9) to base 13
-22
What is a5 (base 13) in base 4?
2013
Convert -30 (base 8) to base 12.
-20
-3 (base 8) to base 15
-3
-3 (base 5) to base 15
-3
Convert 61 (base 10) to base 3.
2021
-1 (base 15) to base 13
-1
Convert -17b (base 14) to base 7.
-614
2 (base 7) to base 2
10
-10001 (base 2) to base 16
-11
Convert 0 (base 8) to base 7.
0
What is 101 (base 2) in base 5?
10
59 (base 14) to base 2
1001111
-3 (base 10) to base 5
-3
Convert -1 (base 11) to base 8.
-1
-1312 (base 5) to base 15
-dc
What is -3 (base 5) in base 8?
-3
Convert 6 (base 13) to base 14.
6
Convert -116 (base 7) to base 12.
-52
What is -2 (base 3) in base 16?
-2
-4c (base 16) to base 15
-51
Convert 13 (base 5) to base 6.
12
Convert -3 (base 13) to base 14.
-3
-36 (base 10) to base 2
-100100
32 (base 4) to base 11
13
-1 (base 16) to base 15
-1
Convert 3 (base 9) to base 15.
3
10 (base 8) to base 9
8
33 (base 5) to base 15
13
What is -189 (base 10) in base 12?
-139
1 (base 8) to base 14
1
What is 23 (base 10) in base 12?
1b
What is 0 (base 7) in base 16?
0
-1a (base 16) to base 2
-11010
20 (base 8) to base 2
10000
Convert 10 (base 16) to base 8.
20
Convert -602 (base 7) to base 15.
-14b
Convert -16 (base 13) to base 2.
-10011
422 (base 5) to base 3
11011
Convert -23 (base 8) to base 4.
-103
What is 444 (base 5) in base 16?
7c
What is -111 (base 3) in base 9?
-14
2201 (base 3) to base 6
201
What is -1 (base 3) in base 6?
-1
Convert -2 (base 3) to base 14.
-2
Convert 6 (base 13) to base 6.
10
Convert 3 (base 13) to base 3.
10
5 (base 10) to base 9
5
Convert 223 (base 4) to base 16.
2b
What is 2 (base 7) in base 10?
2
Convert 1 (base 5) to base 3.
1
Convert 210 (base 3) to base 9.
23
29 (base 14) to base 10
37
Convert -3d (base 16) to base 12.
-51
What is a4 (base 16) in base 6?
432
Convert -2 (base 15) to base 3.
-2
-2f (base 16) to base 13
-38
Convert 31 (base 6) to base 8.
23
Convert -1 (base 9) to base 11.
-1
Convert 0 (base 13) to base 10.
0
Convert 27 (base 9) to base 8.
31
1001 (base 2) to base 3
100
-30 (base 9) to base 15
-1c
Convert -137 (base 8) to base 6.
-235
Convert 2 (base 16) to base 13.
2
What is 30 (base 4) in base 11?
11
1 (base 6) to base 5
1
1 (base 15) to base 4
1
What is -210 (base 3) in base 10?
-21
-11 (base 5) to base 14
-6
-8 (base 9) to base 14
-8
216 (base 8) to base 5
1032
What is 90 (base 16) in base 6?
400
Convert 606 (base 7) to base 15.
150
What is -14 (base 14) in base 3?
-200
Convert 304 (base 9) to base 7.
502
Convert 9a (base 14) to base 9.
161
Convert -36 (base 16) to base 13.
-42
What is -28 (base 14) in base 10?
-36
Convert -3a (base 12) to base 7.
-64
What is -35 (base 8) in base 16?
-1d
What is 131 (base 6) in base 2?
110111
-68 (base 10) to base 14
-4c
Convert 104 (base 12) to base 2.
10010100
Convert -3 (base 6) to base 11.
-3
-31 (base 9) to base 7
-40
Convert -3 (base 14) to base 9.
-3
-132 (base 15) to base 16
-110
What is 11 (base 5) in base 3?
20
-9 (base 14) to base 16
-9
-25 (base 12) to base 5
-104
3203 (base 4) to base 11
197
Convert -402 (base 8) to base 5.
-2013
What is -2 (base 8) in base 2?
-10
What is 76 (base 12) in base 5?
330
What is 55 (base 8) in base 14?
33
Convert -4 (base 9) to base 2.
-100
What is 30 (base 8) in base 13?
1b
-13 (base 7) to base 15
-a
What is 5 (base 11) in base 6?
5
What is 1 (base 14) in base 6?
1
60 (base 7) to base 4
222
What is b (base 13) in base 3?
102
What is 253 (base 8) in base 15?
b6
Convert 10200 (base 3) to base 8.
143
Convert 1 (base 15) to base 5.
1
2 (base 13) to base 15
2
Convert -10 (base 6) to base 9.
-6
What is 101101 (base 2) in base 12?
39
Convert 413 (base 6) to base 3.
12200
What is 5 (base 10) in base 6?
5
-7 (base 14) to base 9
-7
What is 210 (base 9) in base 7?
333
What is -7 (base 8) in base 4?
-13
Convert -23 (base 5) to base 12.
-11
What is 70 (base 12) in base 11?
77
What is 13 (base 5) in base 4?
20
What is -13 (base 14) in base 16?
-11
What is 111 (base 2) in base 11?
7
What is 61 (base 13) in base 3?
2221
What is 4 (base 16) in base 3?
11
What is -135 (base 7) in base 2?
-1001011
What is -76 (base 16) in base 5?
-433
Convert -7 (ba